
{"id":90,"date":"2023-05-22T15:34:23","date_gmt":"2023-05-22T13:34:23","guid":{"rendered":"http:\/\/152.10.132.158\/?page_id=90"},"modified":"2025-03-12T15:00:22","modified_gmt":"2025-03-12T14:00:22","slug":"allergiediagnostik","status":"publish","type":"page","link":"https:\/\/www.labormedizin-darmstadt.de\/index.php\/allergiediagnostik\/","title":{"rendered":"Allergiediagnostik"},"content":{"rendered":"\n<h3 class=\"wp-block-heading\">Allgemeine Hinweise<\/h3>\n\n\n\n<p><br>Eine Atopie ist weitgehend ausgeschlossen bei Erwachsenen und Kindern \u00fcber 14 Jahren, wenn der Gesamt-IgE-Wert unter 25 KU\/I liegt, w\u00e4hrend bei Werten \u00fcber 100 KU\/I eine Atopie sehr wahrscheinlich ist.<br><br>Bitte benutzen Sie zur <strong>Anforderung<\/strong> von Testen auf allergenspezifisches IgE (&#8222;Rast&#8220;) unser eigenes hierf\u00fcr entwickeltes Formular, in dem alle g\u00e4ngigen Allergene aufgef\u00fchrt sind. Die Ergebnisse teilen wir &#8211; von Ausnahmen abgesehen &#8211; sowohl in Einheiten (KU\/l) als auch in Rastklassen mit.<br><br>Alle Allergenscheiben, dabei viele Rarit\u00e4ten, auf die wir Zugriff haben, finden Sie aufgelistet auf den Allergenlisten <a href=\"http:\/\/www.labormedizin-darmstadt.de\/wp-content\/uploads\/2024\/05\/multischeiben-3.pdf\">Multischeiben<\/a><img decoding=\"async\" class=\"wp-image-687\" style=\"width: NaNpx;\" src=\"http:\/\/152.10.132.158\/wp-content\/uploads\/2024\/05\/multischeiben.pdf\" alt=\"\"> und <a href=\"http:\/\/labormedizin-darmstadt.de\/wp-content\/uploads\/2024\/05\/einzelscheiben-1.pdf\">-Einze<\/a><a href=\"http:\/\/www.labormedizin-darmstadt.de\/wp-content\/uploads\/2024\/05\/einzelscheiben-1.pdf\">l<\/a><a href=\"http:\/\/labormedizin-darmstadt.de\/wp-content\/uploads\/2024\/05\/einzelscheiben-1.pdf\">scheiben<\/a>. Die von uns verwendeten Allergenscheiben stammen von den Firmen Pharmacia, Dr. Fooke und R-Biopharm.<\/p>\n\n\n\n<p><br><br>Die <a href=\"http:\/\/www.labormedizin-darmstadt.de\/index.php\/allergenliste\/\" data-type=\"link\" data-id=\"http:\/\/www.labormedizin-darmstadt.de\/index.php\/allergenliste\/\"><strong>Allergen-Codierung<\/strong><\/a> ist bei den einzelnen Allergenscheiben-Herstellern leider unterschiedlich, d.h. ein und derselbe Code kann bei zwei Firmen f\u00fcr verschiedene Allergene stehen. Wir bitten Sie deshalb in Ihrem Laborauftrag am besten entweder unser Formular zu benutzen, oder die Codierung aus unseren Internetseiten zu \u00fcbernehmen oder den Namen des zu testenden Allergens auf die \u00dcberweisung zu schreiben.<br><br>Die Umsetzung der gemessenen Einheiten in Rastklassen erfolgt entsprechend der nachstehenden Tabelle, die auch eine Interpretationsrichtlinie enth\u00e4lt.<\/p>\n\n\n\n\n\n\n\n\n\n\n\n<figure class=\"wp-block-table\"><table><tbody><tr><td>Rastklasse 0 = &lt; 0.35 KU\/l<\/td><td>Klasse 0 = negativ<\/td><td>kein zirkulierendes spezifisches IgE vorhanden;<\/td><\/tr><tr><td>Rastklasse 1 = 0.35 &#8211; 0.7 KU\/l<\/td><td>Klasse 1 = fraglich bzw. schwach-positiv<\/td><td>geringe Mengen des spezifischen IgE vorhanden;<\/td><\/tr><tr><td>Rastklasse 2 = 0.7 &#8211; 3.5 KU\/l<\/td><td>Klasse 2 = positiv<\/td><td>spezifisches IgE in m\u00e4\u00dfigem Ausma\u00df vorhanden;<\/td><\/tr><tr><td>Rastklasse 3 = 3.5 &#8211; 17.5 KU\/l<\/td><td>Klasse 3 = positiv<\/td><td rowspan=\"2\">gr\u00f6\u00dfere Mengen des spezifischen IgE nachweisbar (Klasse 4 zumeist Indikator f\u00fcr aktuelles, d.h. pathogenes Allergen).<\/td><\/tr><tr><td>Rastklasse 4 = &gt; 17.5 KU\/l<\/td><td>Klasse 4 = stark positiv<\/td><\/tr><\/tbody><\/table><\/figure>\n\n\n\n<p>Bei Multischeiben werden Resultate &lt; 0.35 KU\/l als negativ interpretiert, Resultate &gt; 0.35 KU\/l als positiv.<\/p>\n\n\n\n<hr class=\"wp-block-separator has-alpha-channel-opacity\"\/>\n\n\n\n<p class=\"has-text-color\" style=\"color:#6e6e6e\">\u00a9 2025 Dr. Stephan Wehrenfennig &#8211; Labor Darmstadt<\/p>\n","protected":false},"excerpt":{"rendered":"<p>Allgemeine Hinweise Eine Atopie ist weitgehend ausgeschlossen bei Erwachsenen und Kindern \u00fcber 14 Jahren, wenn der Gesamt-IgE-Wert unter 25 KU\/I liegt, w\u00e4hrend bei Werten \u00fcber 100 KU\/I eine Atopie sehr wahrscheinlich ist. Bitte benutzen Sie zur Anforderung von Testen auf allergenspezifisches IgE (&#8222;Rast&#8220;) unser eigenes hierf\u00fcr entwickeltes Formular, in dem alle g\u00e4ngigen Allergene aufgef\u00fchrt sind.&hellip;<\/p>\n","protected":false},"author":1,"featured_media":0,"parent":0,"menu_order":0,"comment_status":"closed","ping_status":"closed","template":"","meta":{"footnotes":""},"class_list":["post-90","page","type-page","status-publish","hentry"],"_links":{"self":[{"href":"https:\/\/www.labormedizin-darmstadt.de\/index.php\/wp-json\/wp\/v2\/pages\/90","targetHints":{"allow":["GET"]}}],"collection":[{"href":"https:\/\/www.labormedizin-darmstadt.de\/index.php\/wp-json\/wp\/v2\/pages"}],"about":[{"href":"https:\/\/www.labormedizin-darmstadt.de\/index.php\/wp-json\/wp\/v2\/types\/page"}],"author":[{"embeddable":true,"href":"https:\/\/www.labormedizin-darmstadt.de\/index.php\/wp-json\/wp\/v2\/users\/1"}],"replies":[{"embeddable":true,"href":"https:\/\/www.labormedizin-darmstadt.de\/index.php\/wp-json\/wp\/v2\/comments?post=90"}],"version-history":[{"count":15,"href":"https:\/\/www.labormedizin-darmstadt.de\/index.php\/wp-json\/wp\/v2\/pages\/90\/revisions"}],"predecessor-version":[{"id":853,"href":"https:\/\/www.labormedizin-darmstadt.de\/index.php\/wp-json\/wp\/v2\/pages\/90\/revisions\/853"}],"wp:attachment":[{"href":"https:\/\/www.labormedizin-darmstadt.de\/index.php\/wp-json\/wp\/v2\/media?parent=90"}],"curies":[{"name":"wp","href":"https:\/\/api.w.org\/{rel}","templated":true}]}}