
{"id":150,"date":"2023-05-23T09:56:57","date_gmt":"2023-05-23T07:56:57","guid":{"rendered":"http:\/\/152.10.132.158\/?page_id=150"},"modified":"2025-05-28T16:24:24","modified_gmt":"2025-05-28T14:24:24","slug":"a-z-register","status":"publish","type":"page","link":"https:\/\/www.labormedizin-darmstadt.de\/index.php\/a-z-register\/","title":{"rendered":"A-Z Register"},"content":{"rendered":"\n<p>In diesem Bereich k\u00f6nnen Sie sich \u00fcber die g\u00e4ngigsten labormedizinischen Analyseverfahren ausf\u00fchrlich informieren.<\/p>\n\n\n\n<p>Neben der Auflistung der Untersuchungen werden das ben\u00f6tigte Material sowie die Referenzbereiche inklusive wichtiger Anmerkungen angeboten.<\/p>\n\n\n\n<p><\/p>\n\n\n\n<p>Die folgenden Sprungmarken erm\u00f6glichen einen breitgef\u00e4cherten Zugriff auf die alphabetisch aufgelisteten Untersuchungen. Unsere akkreditierten Verfahren sind mit \u207a gekennzeichnet. Externe Analytik ist mit \u00b0 gekennzeichnet.<\/p>\n\n\n<form action=\"https:\/\/www.labormedizin-darmstadt.de\/index.php\/suchergebnisse\" method=\"GET\" class=\"form-container\">\n        <input type=\"text\" name=\"verfahren_search_term\" placeholder=\"Geben Sie hier die Leistung ein, nach der Sie suchen\">\n        <select name=\"verfahren_search_category\">\n            <option value=\"full_text\">Volltextsuche<\/option>\n            <option value=\"verfahrensname\">Verfahren<\/option>\n            <option value=\"anmerkungen\">Anmerkungen<\/option>\n        <\/select>\n        <input type=\"submit\" value=\"Suche starten\">\n    <\/form>\n    \n\n\n\n<div style=\"height:37px\" aria-hidden=\"true\" class=\"wp-block-spacer\"><\/div>\n\n\n<div class=\"letters-links\"><span><b>A - B<\/b><\/span><b><a href=\"?reg=(c|d)\">C - D<\/a><\/b><b><a href=\"?reg=(e|f|g)\">E - G<\/a><\/b><b><a href=\"?reg=(h|i|j)\">H - J<\/a><\/b><b><a href=\"?reg=(k|l|m)\">K - M<\/a><\/b><b><a href=\"?reg=(n|o|p)\">N - P<\/a><\/b><b><a href=\"?reg=(q|r|s)\">Q - S<\/a><\/b><b><a href=\"?reg=(t|u)\">T - U<\/a><\/b><b><a href=\"?reg=(v|w|x|y|z)\">V - Z<\/a><\/b><\/div><select class=\"letters-dropdown\" onchange=\"location = this.value;\"><option value=\"?reg=(a|b)\" selected>A - B<\/option><option value=\"?reg=(c|d)\">C - D<\/option><option value=\"?reg=(e|f|g)\">E - G<\/option><option value=\"?reg=(h|i|j)\">H - J<\/option><option value=\"?reg=(k|l|m)\">K - M<\/option><option value=\"?reg=(n|o|p)\">N - P<\/option><option value=\"?reg=(q|r|s)\">Q - S<\/option><option value=\"?reg=(t|u)\">T - U<\/option><option value=\"?reg=(v|w|x|y|z)\">V - Z<\/option><\/select><br><p><a href=\"#\" data-id=\"3\" class=\"verfahrensliste-popup-link\">ACE \u00b0 <span class=\"procedureName2-color\">(Angiotensin-converting-enzyme)<\/span><\/a><\/p><p><a href=\"#\" data-id=\"5\" class=\"verfahrensliste-popup-link\">Acetylcholinrezeptor- Ak \u00b0<\/a><\/p><p><a href=\"#\" data-id=\"7\" class=\"verfahrensliste-popup-link\">ACTH \u00b0 <span class=\"procedureName2-color\">(Adrenocorticotropes Hormon)<\/span><\/a><\/p><p><a href=\"#\" data-id=\"13\" class=\"verfahrensliste-popup-link\">ACTH-Stimulation <span class=\"procedureName2-color\">(Synacthentest \/Ausschluss einer NNR-Insuffizienz)<\/span><\/a><\/p><p><a href=\"#\" data-id=\"799\" class=\"verfahrensliste-popup-link\">ACTH-Stimulation <span class=\"procedureName2-color\">(Ausschluss eines AGS)<\/span><\/a><\/p><p><a href=\"#\" data-id=\"14\" class=\"verfahrensliste-popup-link\">Addis-Count<\/a><\/p><p><a href=\"#\" data-id=\"16\" class=\"verfahrensliste-popup-link\">Adenovirus - Antigen<\/a><\/p><p><a href=\"#\" data-id=\"15\" class=\"verfahrensliste-popup-link\">Adenovirus-Ak IgG \/ IgA \u00b0<\/a><\/p><p><a href=\"#\" data-id=\"20\" class=\"verfahrensliste-popup-link\">ADH <span class=\"procedureName2-color\">(Antidiuretisches Hormon, Vasopressin)<\/span><\/a><\/p><p><a href=\"#\" data-id=\"27\" class=\"verfahrensliste-popup-link\">Adrenalin \u00b0 <span class=\"procedureName2-color\">(EDTA-Plasma)<\/span><\/a><\/p><p><a href=\"#\" data-id=\"46\" class=\"verfahrensliste-popup-link\">Adrenalin <span class=\"procedureName2-color\">(Urin)<\/span><\/a><\/p><p><a href=\"#\" data-id=\"31\" class=\"verfahrensliste-popup-link\">Adrenocorticotropes Hormon <span class=\"procedureName2-color\">(ACTH)<\/span><\/a><\/p><p><a href=\"#\" data-id=\"34\" class=\"verfahrensliste-popup-link\">AFP <span class=\"procedureName2-color\">(alpha-1-Fetoprotein)<\/span><\/a><\/p><p><a href=\"#\" data-id=\"35\" class=\"verfahrensliste-popup-link\">AIDS<\/a><\/p><p><a href=\"#\" data-id=\"36\" class=\"verfahrensliste-popup-link\">Albumin &#8314; <span class=\"procedureName2-color\">(Serum)<\/span><\/a><\/p><p><a href=\"#\" data-id=\"38\" class=\"verfahrensliste-popup-link\">Albumin &#8314; <span class=\"procedureName2-color\">(Urin)<\/span><\/a><\/p><p><a href=\"#\" data-id=\"40\" class=\"verfahrensliste-popup-link\">Aldolase \u00b0<\/a><\/p><p><a href=\"#\" data-id=\"41\" class=\"verfahrensliste-popup-link\">Aldosteron \u00b0<\/a><\/p><p><a href=\"#\" data-id=\"43\" class=\"verfahrensliste-popup-link\">Aldosteron -18 - Glucuronid<\/a><\/p><p><a href=\"#\" data-id=\"44\" class=\"verfahrensliste-popup-link\">Alkalische Leukozytenphosphatase \u00b0 <span class=\"procedureName2-color\">(ALP)<\/span><\/a><\/p><p><a href=\"#\" data-id=\"45\" class=\"verfahrensliste-popup-link\">Alkalische Phosphatase <span class=\"procedureName2-color\">(AP)<\/span><\/a><\/p><p><a href=\"#\" data-id=\"47\" class=\"verfahrensliste-popup-link\">Alkalische Phosphatase Isoenzyme \u00b0<\/a><\/p><p><a href=\"#\" data-id=\"50\" class=\"verfahrensliste-popup-link\">Alkohol \u00b0<\/a><\/p><p><a href=\"#\" data-id=\"48\" class=\"verfahrensliste-popup-link\">Allergenspezifische-IgE-Ak <span class=\"procedureName2-color\">(RAST-Test)<\/span><\/a><\/p><p><a href=\"#\" data-id=\"49\" class=\"verfahrensliste-popup-link\">Allergenspezifische-IgG-Ak \u00b0<\/a><\/p><p><a href=\"#\" data-id=\"51\" class=\"verfahrensliste-popup-link\">Alpha-1-Antitrypsin \u00b0<\/a><\/p><p><a href=\"#\" data-id=\"52\" class=\"verfahrensliste-popup-link\">Alpha-1-Antitrypsin <span class=\"procedureName2-color\">(Stuhl)<\/span><\/a><\/p><p><a href=\"#\" data-id=\"54\" class=\"verfahrensliste-popup-link\">Alpha-1-Antitrypsin-Genotypisierung \u00b0<\/a><\/p><p><a href=\"#\" data-id=\"57\" class=\"verfahrensliste-popup-link\">Aluminium \u00b0 <span class=\"procedureName2-color\">(Al - Serum)<\/span><\/a><\/p><p><a href=\"#\" data-id=\"680\" class=\"verfahrensliste-popup-link\">Aluminium \u00b0 <span class=\"procedureName2-color\">(Al - Spontanurin)<\/span><\/a><\/p><p><a href=\"#\" data-id=\"74\" class=\"verfahrensliste-popup-link\">Am&ouml;ben-Antigen <span class=\"procedureName2-color\">(Entamoeba hist.)<\/span><\/a><\/p><p><a href=\"#\" data-id=\"59\" class=\"verfahrensliste-popup-link\">Amalgam<\/a><\/p><p><a href=\"#\" data-id=\"62\" class=\"verfahrensliste-popup-link\">Ameisens\u00e4ure \u00b0 <span class=\"procedureName2-color\">(Formiat)<\/span><\/a><\/p><p><a href=\"#\" data-id=\"67\" class=\"verfahrensliste-popup-link\">Amiodaron \u00b0<\/a><\/p><p><a href=\"#\" data-id=\"69\" class=\"verfahrensliste-popup-link\">(Amiodaron-) Desethylamiodaron \u00b0<\/a><\/p><p><a href=\"#\" data-id=\"73\" class=\"verfahrensliste-popup-link\">Ammoniak \u00b0<\/a><\/p><p><a href=\"#\" data-id=\"75\" class=\"verfahrensliste-popup-link\">Am\u00f6ben-Ak \u00b0<\/a><\/p><p><a href=\"#\" data-id=\"76\" class=\"verfahrensliste-popup-link\">Amphetamine quant. &#8314;<\/a><\/p><p><a href=\"#\" data-id=\"77\" class=\"verfahrensliste-popup-link\">Amylase &#8314; <span class=\"procedureName2-color\">(Serum)<\/span><\/a><\/p><p><a href=\"#\" data-id=\"78\" class=\"verfahrensliste-popup-link\">Amylase \u00b0 <span class=\"procedureName2-color\">(Spontanurin)<\/span><\/a><\/p><p><a href=\"#\" data-id=\"79\" class=\"verfahrensliste-popup-link\">Amylase Isoenzyme \u00b0<\/a><\/p><p><a href=\"#\" data-id=\"80\" class=\"verfahrensliste-popup-link\">ANA \/ ANF<\/a><\/p><p><a href=\"#\" data-id=\"81\" class=\"verfahrensliste-popup-link\">ANCA <span class=\"procedureName2-color\">(Antik\u00f6rper gg. Granulozyten)<\/span><\/a><\/p><p><a href=\"#\" data-id=\"82\" class=\"verfahrensliste-popup-link\">Androgene<\/a><\/p><p><a href=\"#\" data-id=\"83\" class=\"verfahrensliste-popup-link\">Androstendion<\/a><\/p><p><a href=\"#\" data-id=\"92\" class=\"verfahrensliste-popup-link\">Anti-Staphylolysin-Titer <span class=\"procedureName2-color\">(ASTAL)<\/span><\/a><\/p><p><a href=\"#\" data-id=\"93\" class=\"verfahrensliste-popup-link\">Anti-Streptodornase B \u00b0<\/a><\/p><p><a href=\"#\" data-id=\"95\" class=\"verfahrensliste-popup-link\">Anti-Streptolysin-Titer <span class=\"procedureName2-color\">(ASL\/AST - Serum)<\/span><\/a><\/p><p><a href=\"#\" data-id=\"98\" class=\"verfahrensliste-popup-link\">Anti-Streptolysin-Titer <span class=\"procedureName2-color\">(ASL\/AST - Punktat)<\/span><\/a><\/p><p><a href=\"#\" data-id=\"771\" class=\"verfahrensliste-popup-link\">Anti-Xa<\/a><\/p><p><a href=\"#\" data-id=\"84\" class=\"verfahrensliste-popup-link\">Antidiuretisches Hormon <span class=\"procedureName2-color\">(ADH)<\/span><\/a><\/p><p><a href=\"#\" data-id=\"85\" class=\"verfahrensliste-popup-link\">Antiepileptika<\/a><\/p><p><a href=\"#\" data-id=\"86\" class=\"verfahrensliste-popup-link\">Antihyaluronidase-Titer \u00b0<\/a><\/p><p><a href=\"#\" data-id=\"770\" class=\"verfahrensliste-popup-link\">Antikoag.-Monitoring <span class=\"procedureName2-color\">(Anti-Xa)<\/span><\/a><\/p><p><a href=\"#\" data-id=\"87\" class=\"verfahrensliste-popup-link\">Antik\u00f6rper-Suchtest<\/a><\/p><p><a href=\"#\" data-id=\"88\" class=\"verfahrensliste-popup-link\">Antimitochondriale-Ak <span class=\"procedureName2-color\">(AMA)<\/span><\/a><\/p><p><a href=\"#\" data-id=\"89\" class=\"verfahrensliste-popup-link\">Antinukle\u00e4re Ak \/ Faktoren <span class=\"procedureName2-color\">(ANA, ANF, AK gg. Zellkerne)<\/span><\/a><\/p><p><a href=\"#\" data-id=\"750\" class=\"verfahrensliste-popup-link\">Antioxidantien<\/a><\/p><p><a href=\"#\" data-id=\"100\" class=\"verfahrensliste-popup-link\">Antithrombin 3 <span class=\"procedureName2-color\">(AT3)<\/span><\/a><\/p><p><a href=\"#\" data-id=\"104\" class=\"verfahrensliste-popup-link\">AP &#8314; <span class=\"procedureName2-color\">(Alkalische Phosphatase)<\/span><\/a><\/p><p><a href=\"#\" data-id=\"106\" class=\"verfahrensliste-popup-link\">APC-Resistenz<\/a><\/p><p><a href=\"#\" data-id=\"108\" class=\"verfahrensliste-popup-link\">Apolipoprotein A1 \u00b0<\/a><\/p><p><a href=\"#\" data-id=\"109\" class=\"verfahrensliste-popup-link\">Apolipoprotein B \u00b0<\/a><\/p><p><a href=\"#\" data-id=\"115\" class=\"verfahrensliste-popup-link\">Arbo-Virus-AK <span class=\"procedureName2-color\">(FSME\/ IgG \/ IgM         )<\/span><\/a><\/p><p><a href=\"#\" data-id=\"117\" class=\"verfahrensliste-popup-link\">Arsen \u00b0 <span class=\"procedureName2-color\">(EDTA-Blut)<\/span><\/a><\/p><p><a href=\"#\" data-id=\"120\" class=\"verfahrensliste-popup-link\">Arsen <span class=\"procedureName2-color\">(Urin)<\/span><\/a><\/p><p><a href=\"#\" data-id=\"124\" class=\"verfahrensliste-popup-link\">Aspergillus-Ak<\/a><\/p><p><a href=\"#\" data-id=\"125\" class=\"verfahrensliste-popup-link\">Aspergillus-Nachweis <span class=\"procedureName2-color\">(Kultur)<\/span><\/a><\/p><p><a href=\"#\" data-id=\"127\" class=\"verfahrensliste-popup-link\">AST \/ ASL &#8314; <span class=\"procedureName2-color\">(Anti-Streptolysin-Titer - Serum)<\/span><\/a><\/p><p><a href=\"#\" data-id=\"129\" class=\"verfahrensliste-popup-link\">AST \/ ASL <span class=\"procedureName2-color\">(Anti-Streptolysin-Titer - Punktat)<\/span><\/a><\/p><p><a href=\"#\" data-id=\"131\" class=\"verfahrensliste-popup-link\">ASTAL <span class=\"procedureName2-color\">(Anti-Staphylolysin-Titer)<\/span><\/a><\/p><p><a href=\"#\" data-id=\"134\" class=\"verfahrensliste-popup-link\">AT 3 <span class=\"procedureName2-color\">(Antithrombin 3)<\/span><\/a><\/p><p><a href=\"#\" data-id=\"138\" class=\"verfahrensliste-popup-link\">AUTOANTIK&Ouml;RPER gg. Acetylcholinrezeptor<\/a><\/p><p><a href=\"#\" data-id=\"144\" class=\"verfahrensliste-popup-link\">AUTOANTIK&Ouml;RPER gg. Doppelstrang-DNS <span class=\"procedureName2-color\">(dsDNS)<\/span><\/a><\/p><p><a href=\"#\" data-id=\"148\" class=\"verfahrensliste-popup-link\">AUTOANTIK&Ouml;RPER gg. Endomysium <span class=\"procedureName2-color\">(IgA)<\/span><\/a><\/p><p><a href=\"#\" data-id=\"161\" class=\"verfahrensliste-popup-link\">AUTOANTIK&Ouml;RPER gg. glatte Muskulatur <span class=\"procedureName2-color\">(GMA\/ASMA)<\/span><\/a><\/p><p><a href=\"#\" data-id=\"173\" class=\"verfahrensliste-popup-link\">AUTOANTIK&Ouml;RPER gg. Granulozyten <span class=\"procedureName2-color\">(ANCA)<\/span><\/a><\/p><p><a href=\"#\" data-id=\"176\" class=\"verfahrensliste-popup-link\">AUTOANTIK&Ouml;RPER gg. Histone<\/a><\/p><p><a href=\"#\" data-id=\"190\" class=\"verfahrensliste-popup-link\">AUTOANTIK&Ouml;RPER gg. Liver-Kidney-Mikrosomen <span class=\"procedureName2-color\">(LKM)<\/span><\/a><\/p><p><a href=\"#\" data-id=\"192\" class=\"verfahrensliste-popup-link\">AUTOANTIK&Ouml;RPER gg. Mitochondrien <span class=\"procedureName2-color\">(AMA)<\/span><\/a><\/p><p><a href=\"#\" data-id=\"195\" class=\"verfahrensliste-popup-link\">AUTOANTIK&Ouml;RPER gg. quergestreifte Muskulatur<\/a><\/p><p><a href=\"#\" data-id=\"198\" class=\"verfahrensliste-popup-link\">AUTOANTIK&Ouml;RPER gg. Schilddr&uuml;sen-Antigen<\/a><\/p><p><a href=\"#\" data-id=\"201\" class=\"verfahrensliste-popup-link\">AUTOANTIK&Ouml;RPER gg. Thyreoglobulin <span class=\"procedureName2-color\">(TAK)<\/span><\/a><\/p><p><a href=\"#\" data-id=\"202\" class=\"verfahrensliste-popup-link\">AUTOANTIK&Ouml;RPER gg. TSH-Rezeptor <span class=\"procedureName2-color\">(TRAK+, TSI+)<\/span><\/a><\/p><p><a href=\"#\" data-id=\"203\" class=\"verfahrensliste-popup-link\">AUTOANTIK&Ouml;RPER gg. Zellkerne <span class=\"procedureName2-color\">(ANA, Antinukle&auml;re AK)<\/span><\/a><\/p><p><a href=\"#\" data-id=\"204\" class=\"verfahrensliste-popup-link\">AUTOANTIK&Ouml;RPER gg. Zentromere <span class=\"procedureName2-color\">(ACA)<\/span><\/a><\/p><p><a href=\"#\" data-id=\"137\" class=\"verfahrensliste-popup-link\">AUTOANTIK\u00d6RPER<\/a><\/p><p><a href=\"#\" data-id=\"140\" class=\"verfahrensliste-popup-link\">AUTOANTIK\u00d6RPER gg. Bindegewebe \u00b0 <span class=\"procedureName2-color\">(Retikulin-AK)<\/span><\/a><\/p><p><a href=\"#\" data-id=\"142\" class=\"verfahrensliste-popup-link\">AUTOANTIK\u00d6RPER gg. Cardiolipin \u00b0 <span class=\"procedureName2-color\">(IgG \/ IgM)<\/span><\/a><\/p><p><a href=\"#\" data-id=\"146\" class=\"verfahrensliste-popup-link\">AUTOANTIK\u00d6RPER gg. Einzelstrang-DNS \u00b0 <span class=\"procedureName2-color\">(ssDNS)<\/span><\/a><\/p><p><a href=\"#\" data-id=\"150\" class=\"verfahrensliste-popup-link\">AUTOANTIK\u00d6RPER gg. extrahierbare nukle\u00e4re Antigene<\/a><\/p><p><a href=\"#\" data-id=\"152\" class=\"verfahrensliste-popup-link\">AUTOANTIK\u00d6RPER gg. GAD65 \u00b0 <span class=\"procedureName2-color\">(Glutamat-Decarboxylase-AK)<\/span><\/a><\/p><p><a href=\"#\" data-id=\"158\" class=\"verfahrensliste-popup-link\">AUTOANTIK\u00d6RPER gg. Gangliosid \u00b0 <span class=\"procedureName2-color\">(GM1)<\/span><\/a><\/p><p><a href=\"#\" data-id=\"164\" class=\"verfahrensliste-popup-link\">AUTOANTIK\u00d6RPER gg. Gliadin <span class=\"procedureName2-color\">(Gluten \/ IgG \/ IgA)<\/span><\/a><\/p><p><a href=\"#\" data-id=\"166\" class=\"verfahrensliste-popup-link\">AUTOANTIK\u00d6RPER gg. glomerul\u00e4re Basalmembran \u00b0 <span class=\"procedureName2-color\">(GBMA)<\/span><\/a><\/p><p><a href=\"#\" data-id=\"175\" class=\"verfahrensliste-popup-link\">AUTOANTIK\u00d6RPER gg. Herzmuskulatur \u00b0<\/a><\/p><p><a href=\"#\" data-id=\"177\" class=\"verfahrensliste-popup-link\">AUTOANTIK\u00d6RPER gg. Inselzellen \u00b0<\/a><\/p><p><a href=\"#\" data-id=\"179\" class=\"verfahrensliste-popup-link\">AUTOANTIK\u00d6RPER gg. Insulin \u00b0<\/a><\/p><p><a href=\"#\" data-id=\"183\" class=\"verfahrensliste-popup-link\">AUTOANTIK\u00d6RPER gg. Intrinsic-Faktor \u00b0<\/a><\/p><p><a href=\"#\" data-id=\"186\" class=\"verfahrensliste-popup-link\">AUTOANTIK\u00d6RPER gg. Kollagen \u00b0 <span class=\"procedureName2-color\">(natives u. denaturiertes)<\/span><\/a><\/p><p><a href=\"#\" data-id=\"191\" class=\"verfahrensliste-popup-link\">AUTOANTIK\u00d6RPER gg. Mikrosomen <span class=\"procedureName2-color\">(MAK\/TPO+)<\/span><\/a><\/p><p><a href=\"#\" data-id=\"193\" class=\"verfahrensliste-popup-link\">AUTOANTIK\u00d6RPER gg. Parietalzellen \u00b0 <span class=\"procedureName2-color\">(PCA, Magen)<\/span><\/a><\/p><p><a href=\"#\" data-id=\"194\" class=\"verfahrensliste-popup-link\">AUTOANTIK\u00d6RPER gg. Phospholipide \u00b0<\/a><\/p><p><a href=\"#\" data-id=\"196\" class=\"verfahrensliste-popup-link\">AUTOANTIK\u00d6RPER gg. RANA \u00b0 <span class=\"procedureName2-color\">(Rheumatoid Arthritis Associated Nuclear Antigen)<\/span><\/a><\/p><p><a href=\"#\" data-id=\"197\" class=\"verfahrensliste-popup-link\">AUTOANTIK\u00d6RPER gg. Retikulin \u00b0 <span class=\"procedureName2-color\">(Bindegewebe)<\/span><\/a><\/p><p><a href=\"#\" data-id=\"199\" class=\"verfahrensliste-popup-link\">AUTOANTIK\u00d6RPER gg. Spermatozoen \u00b0<\/a><\/p><p><a href=\"#\" data-id=\"200\" class=\"verfahrensliste-popup-link\">AUTOANTIK\u00d6RPER gg. Thrombozyten \u00b0<\/a><\/p><p><a href=\"#\" data-id=\"205\" class=\"verfahrensliste-popup-link\">B-Lymphozyten, aktivierte \u00b0<\/a><\/p><p><a href=\"#\" data-id=\"207\" class=\"verfahrensliste-popup-link\">Bakteriologische Untersuchungen<\/a><\/p><p><a href=\"#\" data-id=\"206\" class=\"verfahrensliste-popup-link\">Bang <span class=\"procedureName2-color\">(Brucella\/ AK                                )<\/span><\/a><\/p><p><a href=\"#\" data-id=\"810\" class=\"verfahrensliste-popup-link\">BAP<\/a><\/p><p><a href=\"#\" data-id=\"208\" class=\"verfahrensliste-popup-link\">Barbiturate quant. &#8314;<\/a><\/p><p><a href=\"#\" data-id=\"209\" class=\"verfahrensliste-popup-link\">Bence-Jones-Protein \u00b0<\/a><\/p><p><a href=\"#\" data-id=\"210\" class=\"verfahrensliste-popup-link\">Benzodiazepine quant. &#8314;<\/a><\/p><p><a href=\"#\" data-id=\"762\" class=\"verfahrensliste-popup-link\">beta-Crosslaps <span class=\"procedureName2-color\">(CTX)<\/span><\/a><\/p><p><a href=\"#\" data-id=\"212\" class=\"verfahrensliste-popup-link\">Beta-HCG als Tumormarker &#8314; <span class=\"procedureName2-color\">(Humanes Choriongonadotropin)<\/span><\/a><\/p><p><a href=\"#\" data-id=\"211\" class=\"verfahrensliste-popup-link\">Beta-HCG in der Fertilit\u00e4tsdiagnostik &#8314; <span class=\"procedureName2-color\">(Humanes Choriongonadotropin)<\/span><\/a><\/p><p><a href=\"#\" data-id=\"216\" class=\"verfahrensliste-popup-link\">Bilharziose \u00b0 <span class=\"procedureName2-color\">(Schistosoma-IgG)<\/span><\/a><\/p><p><a href=\"#\" data-id=\"218\" class=\"verfahrensliste-popup-link\">Bilirubin &#8314; <span class=\"procedureName2-color\">(Serum)<\/span><\/a><\/p><p><a href=\"#\" data-id=\"220\" class=\"verfahrensliste-popup-link\">Bilirubin &#8314; <span class=\"procedureName2-color\">(Kapillarblut)<\/span><\/a><\/p><p><a href=\"#\" data-id=\"223\" class=\"verfahrensliste-popup-link\">Bindegewebe-AK \u00b0 <span class=\"procedureName2-color\">(Retikulin-AK)<\/span><\/a><\/p><p><a href=\"#\" data-id=\"224\" class=\"verfahrensliste-popup-link\">Biotin \u00b0 <span class=\"procedureName2-color\">(Vitamin H)<\/span><\/a><\/p><p><a href=\"#\" data-id=\"227\" class=\"verfahrensliste-popup-link\">Blei \u00b0 <span class=\"procedureName2-color\">(Pb - EDTA-Blut)<\/span><\/a><\/p><p><a href=\"#\" data-id=\"229\" class=\"verfahrensliste-popup-link\">Blei \u00b0 <span class=\"procedureName2-color\">(Pb - Urin)<\/span><\/a><\/p><p><a href=\"#\" data-id=\"234\" class=\"verfahrensliste-popup-link\">Blut im Stuhl <span class=\"procedureName2-color\">(H&auml;moccult)<\/span><\/a><\/p><p><a href=\"#\" data-id=\"238\" class=\"verfahrensliste-popup-link\">Blutbild, gro\u00df &#8314;<\/a><\/p><p><a href=\"#\" data-id=\"235\" class=\"verfahrensliste-popup-link\">Blutbild, klein &#8314;<\/a><\/p><p><a href=\"#\" data-id=\"240\" class=\"verfahrensliste-popup-link\">Blutgruppen-Ak<\/a><\/p><p><a href=\"#\" data-id=\"242\" class=\"verfahrensliste-popup-link\">Blutgruppenbestimmung<\/a><\/p><p><a href=\"#\" data-id=\"248\" class=\"verfahrensliste-popup-link\">Blutk&ouml;rperchensenkungsgeschwindigkeit <span class=\"procedureName2-color\">(BSG mechanisiert)<\/span><\/a><\/p><p><a href=\"#\" data-id=\"251\" class=\"verfahrensliste-popup-link\">Blutungszeit<\/a><\/p><p><a href=\"#\" data-id=\"253\" class=\"verfahrensliste-popup-link\">Blutzucker &#8314; <span class=\"procedureName2-color\">(Glukose)<\/span><\/a><\/p><p><a href=\"#\" data-id=\"808\" class=\"verfahrensliste-popup-link\">Blutzuckerbelastungstest<\/a><\/p><p><a href=\"#\" data-id=\"755\" class=\"verfahrensliste-popup-link\">BNP <span class=\"procedureName2-color\">(brain natriuretic peptid)<\/span><\/a><\/p><p><a href=\"#\" data-id=\"257\" class=\"verfahrensliste-popup-link\">Bordetella pertussis-AK <span class=\"procedureName2-color\">(IgA \/ IgM)<\/span><\/a><\/p><p><a href=\"#\" data-id=\"258\" class=\"verfahrensliste-popup-link\">Bordetella pertussis-PCR \u00b0<\/a><\/p><p><a href=\"#\" data-id=\"261\" class=\"verfahrensliste-popup-link\">Borrelia burgdorferi-AK <span class=\"procedureName2-color\">(IgG, IgM)<\/span><\/a><\/p><p><a href=\"#\" data-id=\"804\" class=\"verfahrensliste-popup-link\">Borrelia burgdorferi-AK <span class=\"procedureName2-color\">(Blot)<\/span><\/a><\/p><p><a href=\"#\" data-id=\"757\" class=\"verfahrensliste-popup-link\">Borrelia-DNS \u00b0 <span class=\"procedureName2-color\">(Zecke)<\/span><\/a><\/p><p><a href=\"#\" data-id=\"263\" class=\"verfahrensliste-popup-link\">Bromid \u00b0 <span class=\"procedureName2-color\">(Serum)<\/span><\/a><\/p><p><a href=\"#\" data-id=\"265\" class=\"verfahrensliste-popup-link\">Brucella AK IgG, IgA, IgM&deg; <span class=\"procedureName2-color\">(M. Bang)<\/span><\/a><\/p><p><a href=\"#\" data-id=\"266\" class=\"verfahrensliste-popup-link\">BSG <span class=\"procedureName2-color\">(BSG mechanisiert)<\/span><\/a><\/p>\n\n\n\n<hr class=\"wp-block-separator has-alpha-channel-opacity\"\/>\n\n\n\n<p class=\"has-text-color\" style=\"color:#6d6d6d\">\u00a9 2025 Dr. Stephan Wehrenfennig &#8211; Labor Darmstadt<\/p>\n","protected":false},"excerpt":{"rendered":"<p>In diesem Bereich k\u00f6nnen Sie sich \u00fcber die g\u00e4ngigsten labormedizinischen Analyseverfahren ausf\u00fchrlich informieren. Neben der Auflistung der Untersuchungen werden das ben\u00f6tigte Material sowie die Referenzbereiche inklusive wichtiger Anmerkungen angeboten. Die folgenden Sprungmarken erm\u00f6glichen einen breitgef\u00e4cherten Zugriff auf die alphabetisch aufgelisteten Untersuchungen. Unsere akkreditierten Verfahren sind mit \u207a gekennzeichnet. Externe Analytik ist mit \u00b0 gekennzeichnet. \u00a9&hellip;<\/p>\n","protected":false},"author":1,"featured_media":0,"parent":0,"menu_order":0,"comment_status":"closed","ping_status":"closed","template":"","meta":{"footnotes":""},"class_list":["post-150","page","type-page","status-publish","hentry"],"_links":{"self":[{"href":"https:\/\/www.labormedizin-darmstadt.de\/index.php\/wp-json\/wp\/v2\/pages\/150","targetHints":{"allow":["GET"]}}],"collection":[{"href":"https:\/\/www.labormedizin-darmstadt.de\/index.php\/wp-json\/wp\/v2\/pages"}],"about":[{"href":"https:\/\/www.labormedizin-darmstadt.de\/index.php\/wp-json\/wp\/v2\/types\/page"}],"author":[{"embeddable":true,"href":"https:\/\/www.labormedizin-darmstadt.de\/index.php\/wp-json\/wp\/v2\/users\/1"}],"replies":[{"embeddable":true,"href":"https:\/\/www.labormedizin-darmstadt.de\/index.php\/wp-json\/wp\/v2\/comments?post=150"}],"version-history":[{"count":16,"href":"https:\/\/www.labormedizin-darmstadt.de\/index.php\/wp-json\/wp\/v2\/pages\/150\/revisions"}],"predecessor-version":[{"id":892,"href":"https:\/\/www.labormedizin-darmstadt.de\/index.php\/wp-json\/wp\/v2\/pages\/150\/revisions\/892"}],"wp:attachment":[{"href":"https:\/\/www.labormedizin-darmstadt.de\/index.php\/wp-json\/wp\/v2\/media?parent=150"}],"curies":[{"name":"wp","href":"https:\/\/api.w.org\/{rel}","templated":true}]}}