
{"id":116,"date":"2023-05-22T15:38:24","date_gmt":"2023-05-22T13:38:24","guid":{"rendered":"http:\/\/152.10.132.158\/?page_id=116"},"modified":"2024-12-18T17:21:23","modified_gmt":"2024-12-18T16:21:23","slug":"informationen-fuer-aerzte","status":"publish","type":"page","link":"https:\/\/www.labormedizin-darmstadt.de\/index.php\/informationen-fuer-aerzte\/","title":{"rendered":"Informationen f\u00fcr \u00c4rzte"},"content":{"rendered":"\n<p>Wir sind ein renommiertes, regional t\u00e4tiges Labor im Gro\u00dfraum Darmstadt.<\/p>\n\n\n\n<p>Wir legen besonderen Wert auf: <br><strong>Sehr guten Service<\/strong> (telefonische Ausk\u00fcnfte, Eiluntersuchungen, Sonderw\u00fcnsche) und <br><strong>Schnelligkeit <\/strong>(ca. <strong>95%<\/strong> der Werte noch am Tag des Probeneingangs fertig &#8211; ohne Bakteriologie).<br><\/p>\n\n\n\n<p>F\u00fcr uns selbstverst\u00e4ndlich:<\/p>\n\n\n\n<ul class=\"wp-block-list\">\n<li>Order-Entry-System<\/li>\n\n\n\n<li>Fahrdienst oder Transportbeutel f\u00fcr den Postversand<\/li>\n\n\n\n<li>Kostenlose Probengef\u00e4\u00dfe<\/li>\n\n\n\n<li>DF\u00dc-Befund\u00fcbermittlung<\/li>\n\n\n\n<li>Kosteng\u00fcnstige Laborgemeinschaft<\/li>\n\n\n\n<li>Interpretierte\/kommentierte Hormonuntersuchungen<\/li>\n\n\n\n<li>Modernes Igel-Konzept mit Gesamt-Rechnung<br>(Beratung\/Blutentnahme des behandelnden Arztes und Laborrechnung in Einem)<\/li>\n<\/ul>\n\n\n\n<p><br><br><br><\/p>\n\n\n\n<h3 class=\"wp-block-heading\" style=\"font-style:normal;font-weight:100\">Laborgemeinschaft Odenwald &#8211; <a href=\"http:\/\/www.laborgemeinschaft-odenwald.de\">www.laborgemeinschaft-odenwald.de<\/a><br><\/h3>\n\n\n\n<p class=\"has-text-align-left\">Die LGO ist integrativer Bestandteil des Facharztlabors. Hier k\u00f6nnen die Untersuchungen des Basislabors als sogenannte delegierbare Leistung durch uns f\u00fcr Sie als Arzt kosteng\u00fcnstig und sehr schnell in bester Qualit\u00e4t erbracht werden. <br>Fast alle Parameter k\u00f6nnen auch als Eiluntersuchung innerhalb von 1 &#8211; 2 Stunden durchgef\u00fchrt werden.<br>Weitere Informationen \u00fcber die Laborgemeinschaft Odenwald finden Sie <a href=\"http:\/\/www.laborgemeinschaft-odenwald.de\">hier<\/a>.<br><\/p>\n\n\n\n<br><br><br><br>\n\n\n\n<hr class=\"wp-block-separator has-alpha-channel-opacity\"\/>\n\n\n\n<p class=\"has-text-color\" style=\"color:#5d5d5d\">\u00a9 2025 Dr. Stephan Wehrenfennig &#8211; Labor Darmstadt<\/p>\n\n\n\n<p><\/p>\n\n\n\n<p><\/p>\n","protected":false},"excerpt":{"rendered":"<p>Wir sind ein renommiertes, regional t\u00e4tiges Labor im Gro\u00dfraum Darmstadt. Wir legen besonderen Wert auf: Sehr guten Service (telefonische Ausk\u00fcnfte, Eiluntersuchungen, Sonderw\u00fcnsche) und Schnelligkeit (ca. 95% der Werte noch am Tag des Probeneingangs fertig &#8211; ohne Bakteriologie). F\u00fcr uns selbstverst\u00e4ndlich: Laborgemeinschaft Odenwald &#8211; www.laborgemeinschaft-odenwald.de Die LGO ist integrativer Bestandteil des Facharztlabors. Hier k\u00f6nnen die Untersuchungen&hellip;<\/p>\n","protected":false},"author":1,"featured_media":0,"parent":0,"menu_order":0,"comment_status":"closed","ping_status":"closed","template":"","meta":{"footnotes":""},"class_list":["post-116","page","type-page","status-publish","hentry"],"_links":{"self":[{"href":"https:\/\/www.labormedizin-darmstadt.de\/index.php\/wp-json\/wp\/v2\/pages\/116","targetHints":{"allow":["GET"]}}],"collection":[{"href":"https:\/\/www.labormedizin-darmstadt.de\/index.php\/wp-json\/wp\/v2\/pages"}],"about":[{"href":"https:\/\/www.labormedizin-darmstadt.de\/index.php\/wp-json\/wp\/v2\/types\/page"}],"author":[{"embeddable":true,"href":"https:\/\/www.labormedizin-darmstadt.de\/index.php\/wp-json\/wp\/v2\/users\/1"}],"replies":[{"embeddable":true,"href":"https:\/\/www.labormedizin-darmstadt.de\/index.php\/wp-json\/wp\/v2\/comments?post=116"}],"version-history":[{"count":28,"href":"https:\/\/www.labormedizin-darmstadt.de\/index.php\/wp-json\/wp\/v2\/pages\/116\/revisions"}],"predecessor-version":[{"id":875,"href":"https:\/\/www.labormedizin-darmstadt.de\/index.php\/wp-json\/wp\/v2\/pages\/116\/revisions\/875"}],"wp:attachment":[{"href":"https:\/\/www.labormedizin-darmstadt.de\/index.php\/wp-json\/wp\/v2\/media?parent=116"}],"curies":[{"name":"wp","href":"https:\/\/api.w.org\/{rel}","templated":true}]}}